{"id":97,"date":"2022-08-10T11:14:17","date_gmt":"2022-08-10T09:14:17","guid":{"rendered":"http:\/\/xyxjzom.cluster030.hosting.ovh.net\/?page_id=97"},"modified":"2024-07-04T12:41:13","modified_gmt":"2024-07-04T10:41:13","slug":"projet","status":"publish","type":"page","link":"https:\/\/www.centrepierrejurdant.be\/index.php\/projet\/","title":{"rendered":"Projet"},"content":{"rendered":"<p>[et_pb_section fb_built=&#8221;1&#8243; _builder_version=&#8221;4.5.3&#8243; _module_preset=&#8221;default&#8221;][et_pb_row _builder_version=&#8221;4.5.3&#8243; _module_preset=&#8221;default&#8221;][et_pb_column type=&#8221;4_4&#8243; _builder_version=&#8221;4.5.3&#8243; _module_preset=&#8221;default&#8221;][et_pb_text admin_label=&#8221;Text&#8221; _builder_version=&#8221;4.5.3&#8243; _module_preset=&#8221;default&#8221;]<\/p>\n<h1 class=\"titel\"><span class=\"orange\">Projet <\/span><span class=\"gris\"> collectif<\/span><\/h1>\n<p>[\/et_pb_text][\/et_pb_column][\/et_pb_row][et_pb_row _builder_version=&#8221;4.5.3&#8243; _module_preset=&#8221;default&#8221;][et_pb_column type=&#8221;4_4&#8243; _builder_version=&#8221;4.5.3&#8243; _module_preset=&#8221;default&#8221;][et_pb_text admin_label=&#8221;Text&#8221; _builder_version=&#8221;4.5.3&#8243; _module_preset=&#8221;default&#8221;]<\/p>\n<p>Le Centre d\u2019H\u00e9bergement Pierre Jurdant h\u00e9berge des <strong>personnes adultes <\/strong><strong>porteuses d&#8217;un handicap mental<\/strong>, respect\u00e9es et reconnues comme telles. Des hommes et des femmes qui, de par leur d\u00e9ficience intellectuelle l\u00e9g\u00e8re \u00e0 mod\u00e9r\u00e9e, rencontrent des difficult\u00e9s \u00e0 vivre seuls. <strong>La vie s\u2019y d\u00e9roule en communaut\u00e9<\/strong>.<\/p>\n<p>L\u2019\u00e9quipe travaille \u00e0 l\u2019<strong>autonomisation<\/strong> et au <strong>bien-\u00eatre<\/strong> de chacun en fonction de son \u00e2ge, de ses capacit\u00e9s et de ses d\u00e9sirs. Une attention particuli\u00e8re est port\u00e9e au <strong>d\u00e9veloppement et\/ou au maintien des acquis<\/strong>. L\u2019accompagnement \u00e9ducatif et des <strong>activit\u00e9s <\/strong>tr\u00e8s vari\u00e9es (festives, culturelles, bien-\u00eatre, week-ends et s\u00e9jours vari\u00e9s, culinaires, sportives, cognitives, de communication, de d\u00e9couverte, etc.) tendent \u00e0 r\u00e9pondre au mieux aux diff\u00e9rents besoins des r\u00e9sidents : \u00e9coute, parole, s\u00e9curit\u00e9, logement, alimentation, vie affective et sexuelle, projet de vie, autonomie, etc.<\/p>\n<p>Le r\u00e9sident est mis au centre des d\u00e9cisions qui le concernent, afin d\u2019\u00e9laborer, en collaboration avec son entourage, un <strong>projet individuel adapt\u00e9<\/strong>. Il est soutenu par son r\u00e9f\u00e9rent, garant de son projet. Le r\u00e9f\u00e9rent et l\u2019\u00e9quipe accompagnent le r\u00e9sident dans les diff\u00e9rentes \u00e9tapes de sa vie, de son arriv\u00e9e au Centre \u00e0 son d\u00e9part. L\u2019\u00e9quipe a le souci de <strong>s\u2019adapter \u00e0 l\u2019\u00e9volution de la population accueillie<\/strong>.<\/p>\n<p>Une <strong>\u00e9quipe pluridisciplinaire<\/strong>, dont les comp\u00e9tences sont r\u00e9guli\u00e8rement mises \u00e0 jour, veille au bon d\u00e9roulement de la vie du Centre et entoure chaque r\u00e9sident. Des <strong>partenaires ext\u00e9rieurs<\/strong> collaborent \u00e0 nos objectifs : familles, voisins, b\u00e9n\u00e9voles, associations&#8230; L\u2019\u00e9quipe consid\u00e8re le Centre d\u2019H\u00e9bergement comme le lieu de vie des r\u00e9sidents, parfois leur seule maison.<\/p>\n<p> [\/et_pb_text][\/et_pb_column][\/et_pb_row][et_pb_row _builder_version=&#8221;4.5.3&#8243; _module_preset=&#8221;default&#8221;][et_pb_column type=&#8221;4_4&#8243; _builder_version=&#8221;4.5.3&#8243; _module_preset=&#8221;default&#8221;][et_pb_button button_text=&#8221;Rapport d&#8217;activit\u00e9s&#8221; button_alignment=&#8221;center&#8221; _builder_version=&#8221;4.5.3&#8243; _module_preset=&#8221;default&#8221; hover_enabled=&#8221;0&#8243;][\/et_pb_button][\/et_pb_column][\/et_pb_row][\/et_pb_section]<\/p>\n","protected":false},"excerpt":{"rendered":"<p>[et_pb_section fb_built=&#8221;1&#8243; _builder_version=&#8221;4.5.3&#8243; _module_preset=&#8221;default&#8221;][et_pb_row _builder_version=&#8221;4.5.3&#8243; _module_preset=&#8221;default&#8221;][et_pb_column type=&#8221;4_4&#8243; _builder_version=&#8221;4.5.3&#8243; _module_preset=&#8221;default&#8221;][et_pb_text admin_label=&#8221;Text&#8221; _builder_version=&#8221;4.5.3&#8243; _module_preset=&#8221;default&#8221;] Projet collectif [\/et_pb_text][\/et_pb_column][\/et_pb_row][et_pb_row _builder_version=&#8221;4.5.3&#8243; _module_preset=&#8221;default&#8221;][et_pb_column type=&#8221;4_4&#8243; _builder_version=&#8221;4.5.3&#8243; _module_preset=&#8221;default&#8221;][et_pb_text admin_label=&#8221;Text&#8221; _builder_version=&#8221;4.5.3&#8243; _module_preset=&#8221;default&#8221;] Le Centre d\u2019H\u00e9bergement Pierre Jurdant h\u00e9berge des personnes adultes porteuses d&#8217;un handicap mental, respect\u00e9es et reconnues comme telles. Des hommes et des femmes qui, de par leur d\u00e9ficience intellectuelle l\u00e9g\u00e8re \u00e0 mod\u00e9r\u00e9e, [&hellip;]<\/p>\n","protected":false},"author":2,"featured_media":0,"parent":0,"menu_order":0,"comment_status":"closed","ping_status":"closed","template":"templates\/normal.php","meta":{"_et_pb_use_builder":"on","_et_pb_old_content":"","_et_gb_content_width":"","footnotes":""},"class_list":["post-97","page","type-page","status-publish","hentry"],"_links":{"self":[{"href":"https:\/\/www.centrepierrejurdant.be\/index.php\/wp-json\/wp\/v2\/pages\/97","targetHints":{"allow":["GET"]}}],"collection":[{"href":"https:\/\/www.centrepierrejurdant.be\/index.php\/wp-json\/wp\/v2\/pages"}],"about":[{"href":"https:\/\/www.centrepierrejurdant.be\/index.php\/wp-json\/wp\/v2\/types\/page"}],"author":[{"embeddable":true,"href":"https:\/\/www.centrepierrejurdant.be\/index.php\/wp-json\/wp\/v2\/users\/2"}],"replies":[{"embeddable":true,"href":"https:\/\/www.centrepierrejurdant.be\/index.php\/wp-json\/wp\/v2\/comments?post=97"}],"version-history":[{"count":10,"href":"https:\/\/www.centrepierrejurdant.be\/index.php\/wp-json\/wp\/v2\/pages\/97\/revisions"}],"predecessor-version":[{"id":486,"href":"https:\/\/www.centrepierrejurdant.be\/index.php\/wp-json\/wp\/v2\/pages\/97\/revisions\/486"}],"wp:attachment":[{"href":"https:\/\/www.centrepierrejurdant.be\/index.php\/wp-json\/wp\/v2\/media?parent=97"}],"curies":[{"name":"wp","href":"https:\/\/api.w.org\/{rel}","templated":true}]}}